?
0
What is the units digit of 226?
6
What is the thousands digit of 2846?
2
What is the thousands digit of 1451?
1
What is the tens digit of 20401?
0
What is the units digit of 601?
1
What is the tens digit of 4709?
0
What is the units digit of 71330?
0
What is the ten thousands digit of 23047?
2
What is the units digit of 631?
1
What is the hundreds digit of 14694?
6
What is the hundreds digit of 53179?
1
What is the ten thousands digit of 169871?
6
What is the units digit of 247?
7
What is the tens digit of 875?
7
What is the hundreds digit of 12240?
2
What is the tens digit of 1075?
7
What is the thousands digit of 1293?
1
What is the thousands digit of 3647?
3
What is the hundreds digit of 933?
9
What is the tens digit of 36221?
2
What is the tens digit of 2462?
6
What is the tens digit of 1964?
6
What is the tens digit of 1794?
9
What is the hundreds digit of 3081?
0
What is the ten thousands digit of 49675?
4
What is the units digit of 5972?
2
What is the thousands digit of 11498?
1
What is the hundreds digit of 718?
7
What is the units digit of 1482?
2
What is the units digit of 41925?
5
What is the units digit of 160?
0
What is the units digit of 957?
7
What is the thousands digit of 17452?
7
What is the hundreds digit of 1127?
1
What is the ten thousands digit of 85876?
8
What is the hundreds digit of 1351?
3
What is the tens digit of 20429?
2
What is the tens digit of 2837?
3
What is the tens digit of 3417?
1
What is the units digit of 5835?
5
What is the hundreds digit of 7065?
0
What is the thousands digit of 28681?
8
What is the units digit of 9310?
0
What is the thousands digit of 11512?
1
What is the tens digit of 2327?
2
What is the tens digit of 6449?
4
What is the hundreds digit of 1490?
4
What is the tens digit of 892?
9
What is the hundreds digit of 27860?
8
What is the thousands digit of 105481?
5
What is the thousands digit of 3327?
3
What is the hundreds digit of 33392?
3
What is the ten thousands digit of 20702?
2
What is the thousands digit of 37328?
7
What is the units digit of 384?
4
What is the ten thousands digit of 33471?
3
What is the units digit of 1371?
1
What is the tens digit of 1055?
5
What is the units digit of 864?
4
What is the tens digit of 8348?
4
What is the hundreds digit of 3743?
7
What is the ten thousands digit of 10374?
1
What is the units digit of 4451?
1
What is the hundreds digit of 36526?
5
What is the units digit of 1565?
5
What is the thousands digit of 2340?
2
What is the hundreds digit of 337?
3
What is the hundreds digit of 23455?
4
What is the units digit of 584?
4
What is the hundreds digit of 415?
4
What is the units digit of 81054?
4
What is the hundreds digit of 13092?
0
What is the units digit of 2563?
3
What is the units digit of 2990?
0
What is the units digit of 366?
6
What is the hundreds digit of 7791?
7
What is the tens digit of 59452?
5
What is the units digit of 61?
1
What is the units digit of 1398?
8
What is the ten thousands digit of 23158?
2
What is the tens digit of 10858?
5
What is the ten thousands digit of 43184?
4
What is the hundreds digit of 81980?
9
What is the ten thousands digit of 18878?
1
What is the tens digit of 93808?
0
What is the units digit of 2589?
9
What is the units digit of 49?
9
What is the units digit of 941?
1
What is the tens digit of 3780?
8
What is the hundreds digit of 36302?
3
What is the units digit of 474?
4
What is the hundreds digit of 26327?
3
What is the units digit of 663?
3
What is the tens digit of 25034?
3
What is the thousands digit of 15888?
5
What is the tens digit of 11407?
0
What is the thousands digit of 4955?
4
What is the tens digit of 1575?
7
What is the units digit of 739?
9
What is the units digit of 811?
1
What is the tens digit of 17962?
6
What is the hundreds digit of 5587?
5
What is the ten thousands digit of 12109?
1
What is the hundreds digit of 8148?
1
What is the hundreds digit of 2448?
4
What is the thousands digit of 16760?
6
What is the tens digit of 489?
8
What is the tens digit of 3912?
1
What is the thousands digit of 1647?
1
What is the tens digit of 4205?
0
What is the tens digit of 1467?
6
What is the ten thousands digit of 30622?
3
What is the thousands digit of 4522?
4
What is the thousands digit of 8354?
8
What is the hundreds digit of 813?
8
What is the tens digit of 3432?
3
What is the hundreds digit of 1505?
5
What is the units digit of 134?
4
What is the units digit of 6814?
4
What is the thousands digit of 22041?
2
What is the ten thousands digit of 19488?
1
What is the units digit of 94185?
5
What is the ten thousands digit of 16227?
1
What is the tens digit of 17613?
1
What is the tens digit of 17?
1
What is the hundreds digit of 10763?
7
What is the tens digit of 78586?
8
What is the ten thousands digit of 25887?
2
What is the hundreds digit of 13807?
8
What is the hundreds digit of 2529?
5
What is the ten thousands digit of 49231?
4
What is the ten thousands digit of 43681?
4
What is the tens digit of 321?
2
What is the units digit of 79735?
5
What is the units digit of 11814?
4
What is the hundreds digit of 813?
8
What is the tens digit of 94749?
4
What is the ten thousands digit of 11527?
1
What is the hundreds digit of 2621?
6
What is the units digit of 22414?
4
What is the thousands digit of 1715?
1
What is the hundreds digit of 16131?
1
What is the hundreds digit of 19617?
6
What is the units digit of 881?
1
What is the tens digit of 7496?
9
What is the units digit of 4825?
5
What is the units digit of 99491?
1
What is the thousands digit of 59305?
9
What is the units digit of 1267?
7
What is the tens digit of 63580?
8
What is the units digit of 66163?
3
What is the thousands digit of 11890?
1
What is the thousands digit of 1967?
1
What is the units digit of 29883?
3
What is the hundreds digit of 3255?
2
What is the thousands digit of 1186?
1
What is the hundreds digit of 34853?
8
What is the units digit of 9314?
4
What is the units digit of 23410?
0
What is the hundreds digit of 4303?
3
What is the thousands digit of 3668?
3
What is the units digit of 32958?
8
What is the units digit of 38107?
7
What is the tens digit of 3852?
5
What is the units digit of 67068?
8
What is the units digit of 367?
7
What is the hundreds digit of 3604?
6
What is the units digit of 18724?
4
What is the thousands digit of 10581?
0
What is the units digit of 1990?
0
What is the thousands digit of 1847?
1
What is the units digit of 17425?
5
What is the units digit of 58973?
3
What is the tens digit of 695?
9
What is the units digit of 147?
7
What is the ten thousands digit of 22512?
2
What is the tens digit of 15000?
0
What is the tens digit of 28112?
1
What is the tens digit of 3721?
2
What is the tens digit of 5012?
1
What is the units digit of 98954?
4
What is the ten thousands digit of 73691?
7
What is the units digit of 3036?
6
What is the hundreds digit of 2378?
3
What is the hundreds digit of 165960?
9
What is the thousands digit of 6207?
6
What is the hundreds digit of 5344?
3
What is the units digit of 9004?
4
What is the units digit of 68553?
3
What is the hundreds digit of 38717?
7
What is the thousands digit of 1642?
1
What is the tens digit of 5396?
9
What is the tens digit of 79352?
5
What is the thousands digit of 1104?
1
What is the hundreds digit of 11608?
6
What is the units digit of 55062?
2
What is the hundreds digit of 329?
3
What is the thousands digit of 10090?
0
What is the tens digit of 2232?
3
What is the hundreds digit of 4892?
8
What is the tens digit of 10919?
1
What is the hundreds digit of 3412?
4
What is the hundreds digit of 1949?
9
What is the units digit of 389?
9
What is the ten thousands digit of 43682?
4
What is the thousands digit of 1171?
1
What is the units digit of 45?
5
What is the thousands digit of 2888?
2
What is the units digit of 8771?
1
What is the hundreds digit of 38550?
5
What is the tens digit of 5489?
8
What is the thousands digit of 79755?
9
What is the units digit of 4708?
8
What is the hundreds digit of 840?
8
What is the thousands digit of 1037?
1
What is the units digit of 1099?
9
What is the tens digit of 940?
4
What is the units digit of 16574?
4
What is the hundreds digit of 6302?
3
What is the hundreds digit of 112638?
6
What is the units dig